{"id":17,"date":"2020-10-10T17:32:11","date_gmt":"2020-10-10T17:32:11","guid":{"rendered":"https:\/\/althans.de\/?page_id=17"},"modified":"2021-03-14T22:20:03","modified_gmt":"2021-03-14T22:20:03","slug":"wir-ueber-uns","status":"publish","type":"page","link":"https:\/\/althans.de\/?page_id=17","title":{"rendered":"Wir \u00fcber uns"},"content":{"rendered":"\t\t<div data-elementor-type=\"wp-page\" data-elementor-id=\"17\" class=\"elementor elementor-17\" data-elementor-post-type=\"page\">\n\t\t\t\t\t\t<section class=\"elementor-section elementor-top-section elementor-element elementor-element-0262fe3 elementor-section-boxed elementor-section-height-default elementor-section-height-default\" data-id=\"0262fe3\" data-element_type=\"section\">\n\t\t\t\t\t\t<div class=\"elementor-container elementor-column-gap-default\">\n\t\t\t\t\t<div class=\"elementor-column elementor-col-100 elementor-top-column elementor-element elementor-element-4736d07\" data-id=\"4736d07\" data-element_type=\"column\">\n\t\t\t<div class=\"elementor-widget-wrap elementor-element-populated\">\n\t\t\t\t\t\t<div class=\"elementor-element elementor-element-9a5ba9d elementor-widget elementor-widget-image\" data-id=\"9a5ba9d\" data-element_type=\"widget\" data-widget_type=\"image.default\">\n\t\t\t\t<div class=\"elementor-widget-container\">\n\t\t\t\t\t\t\t\t\t\t\t\t\t\t\t<img fetchpriority=\"high\" decoding=\"async\" width=\"800\" height=\"270\" src=\"https:\/\/althans.de\/wp-content\/uploads\/2020\/10\/althans-text-wirueberuns-1024x345.png\" class=\"attachment-large size-large wp-image-72\" alt=\"\" srcset=\"https:\/\/althans.de\/wp-content\/uploads\/2020\/10\/althans-text-wirueberuns-1024x345.png 1024w, https:\/\/althans.de\/wp-content\/uploads\/2020\/10\/althans-text-wirueberuns-300x101.png 300w, https:\/\/althans.de\/wp-content\/uploads\/2020\/10\/althans-text-wirueberuns-768x259.png 768w, https:\/\/althans.de\/wp-content\/uploads\/2020\/10\/althans-text-wirueberuns.png 1204w\" sizes=\"(max-width: 800px) 100vw, 800px\" \/>\t\t\t\t\t\t\t\t\t\t\t\t\t\t\t<\/div>\n\t\t\t\t<\/div>\n\t\t\t\t<div class=\"elementor-element elementor-element-953717a elementor-widget elementor-widget-text-editor\" data-id=\"953717a\" data-element_type=\"widget\" data-widget_type=\"text-editor.default\">\n\t\t\t\t<div class=\"elementor-widget-container\">\n\t\t\t\t\t\t\t\t\t<p>\u00bbDie Althans GmbH &amp; Co. KG wurde 1949 gegr\u00fcndet und stieg schon bald zu den f\u00fchrenden deutschen Herstellern von Pl\u00fcschtieren auf \u2013 eine Position, die das Familienunternehmen nach wie vor behauptet. Die Gesch\u00e4ftsleitung liegt in den H\u00e4nden von Dieter und Andrea Kessel.\u00ab<\/p>\t\t\t\t\t\t\t\t<\/div>\n\t\t\t\t<\/div>\n\t\t\t\t<div class=\"elementor-element elementor-element-f5d36ac elementor-widget elementor-widget-image\" data-id=\"f5d36ac\" data-element_type=\"widget\" data-widget_type=\"image.default\">\n\t\t\t\t<div class=\"elementor-widget-container\">\n\t\t\t\t\t\t\t\t\t\t\t\t\t\t\t<img decoding=\"async\" width=\"660\" height=\"1024\" src=\"https:\/\/althans.de\/wp-content\/uploads\/2020\/10\/althans-content-wirueberuns-AndreaDieter.png\" class=\"attachment-large size-large wp-image-66\" alt=\"\" srcset=\"https:\/\/althans.de\/wp-content\/uploads\/2020\/10\/althans-content-wirueberuns-AndreaDieter.png 660w, https:\/\/althans.de\/wp-content\/uploads\/2020\/10\/althans-content-wirueberuns-AndreaDieter-193x300.png 193w\" sizes=\"(max-width: 660px) 100vw, 660px\" \/>\t\t\t\t\t\t\t\t\t\t\t\t\t\t\t<\/div>\n\t\t\t\t<\/div>\n\t\t\t\t\t<\/div>\n\t\t<\/div>\n\t\t\t\t\t<\/div>\n\t\t<\/section>\n\t\t\t\t<\/div>\n\t\t","protected":false},"excerpt":{"rendered":"<p>\u00bbDie Althans GmbH &amp; Co. KG wurde 1949 gegr\u00fcndet und stieg schon bald zu den f\u00fchrenden deutschen Herstellern von Pl\u00fcschtieren auf \u2013 eine Position, die das Familienunternehmen nach wie vor behauptet. Die Gesch\u00e4ftsleitung liegt in den H\u00e4nden von Dieter und Andrea Kessel.\u00ab<\/p>\n","protected":false},"author":1,"featured_media":0,"parent":0,"menu_order":4,"comment_status":"closed","ping_status":"closed","template":"","meta":{"footnotes":""},"class_list":["post-17","page","type-page","status-publish","hentry"],"_links":{"self":[{"href":"https:\/\/althans.de\/index.php?rest_route=\/wp\/v2\/pages\/17","targetHints":{"allow":["GET"]}}],"collection":[{"href":"https:\/\/althans.de\/index.php?rest_route=\/wp\/v2\/pages"}],"about":[{"href":"https:\/\/althans.de\/index.php?rest_route=\/wp\/v2\/types\/page"}],"author":[{"embeddable":true,"href":"https:\/\/althans.de\/index.php?rest_route=\/wp\/v2\/users\/1"}],"replies":[{"embeddable":true,"href":"https:\/\/althans.de\/index.php?rest_route=%2Fwp%2Fv2%2Fcomments&post=17"}],"version-history":[{"count":6,"href":"https:\/\/althans.de\/index.php?rest_route=\/wp\/v2\/pages\/17\/revisions"}],"predecessor-version":[{"id":137,"href":"https:\/\/althans.de\/index.php?rest_route=\/wp\/v2\/pages\/17\/revisions\/137"}],"wp:attachment":[{"href":"https:\/\/althans.de\/index.php?rest_route=%2Fwp%2Fv2%2Fmedia&parent=17"}],"curies":[{"name":"wp","href":"https:\/\/api.w.org\/{rel}","templated":true}]}}