{"id":20,"date":"2020-10-10T17:32:58","date_gmt":"2020-10-10T17:32:58","guid":{"rendered":"https:\/\/althans.de\/?page_id=20"},"modified":"2021-03-14T22:19:30","modified_gmt":"2021-03-14T22:19:30","slug":"kontakt","status":"publish","type":"page","link":"https:\/\/althans.de\/?page_id=20","title":{"rendered":"Kontakt"},"content":{"rendered":"\t\t<div data-elementor-type=\"wp-page\" data-elementor-id=\"20\" class=\"elementor elementor-20\" data-elementor-post-type=\"page\">\n\t\t\t\t\t\t<section class=\"elementor-section elementor-top-section elementor-element elementor-element-eda766e elementor-section-boxed elementor-section-height-default elementor-section-height-default\" data-id=\"eda766e\" data-element_type=\"section\">\n\t\t\t\t\t\t\t<div class=\"elementor-background-overlay\"><\/div>\n\t\t\t\t\t\t\t<div class=\"elementor-container elementor-column-gap-default\">\n\t\t\t\t\t<div class=\"elementor-column elementor-col-100 elementor-top-column elementor-element elementor-element-dc13672\" data-id=\"dc13672\" data-element_type=\"column\" data-settings=\"{&quot;background_background&quot;:&quot;classic&quot;}\">\n\t\t\t<div class=\"elementor-widget-wrap elementor-element-populated\">\n\t\t\t\t\t<div class=\"elementor-background-overlay\"><\/div>\n\t\t\t\t\t\t<div class=\"elementor-element elementor-element-09e9e07 elementor-widget elementor-widget-image\" data-id=\"09e9e07\" data-element_type=\"widget\" data-widget_type=\"image.default\">\n\t\t\t\t<div class=\"elementor-widget-container\">\n\t\t\t\t\t\t\t\t\t\t\t\t\t\t\t<img fetchpriority=\"high\" decoding=\"async\" width=\"800\" height=\"260\" src=\"https:\/\/althans.de\/wp-content\/uploads\/2020\/10\/althans-text-kontakt.png\" class=\"attachment-large size-large wp-image-67\" alt=\"\" srcset=\"https:\/\/althans.de\/wp-content\/uploads\/2020\/10\/althans-text-kontakt.png 1024w, https:\/\/althans.de\/wp-content\/uploads\/2020\/10\/althans-text-kontakt-300x98.png 300w, https:\/\/althans.de\/wp-content\/uploads\/2020\/10\/althans-text-kontakt-768x250.png 768w\" sizes=\"(max-width: 800px) 100vw, 800px\" \/>\t\t\t\t\t\t\t\t\t\t\t\t\t\t\t<\/div>\n\t\t\t\t<\/div>\n\t\t\t\t<div class=\"elementor-element elementor-element-96dc415 elementor-widget elementor-widget-heading\" data-id=\"96dc415\" data-element_type=\"widget\" data-widget_type=\"heading.default\">\n\t\t\t\t<div class=\"elementor-widget-container\">\n\t\t\t\t\t<h2 class=\"elementor-heading-title elementor-size-default\">Kontaktieren Sie uns<\/h2>\t\t\t\t<\/div>\n\t\t\t\t<\/div>\n\t\t\t\t<div class=\"elementor-element elementor-element-8bd3397 elementor-widget elementor-widget-text-editor\" data-id=\"8bd3397\" data-element_type=\"widget\" data-widget_type=\"text-editor.default\">\n\t\t\t\t<div class=\"elementor-widget-container\">\n\t\t\t\t\t\t\t\t\t<p><b>Althans GmbH &amp; Co. KG<br><\/b>Horber Str. 4<br>D-96465 Neustadt-Birkig<br>Telefon: +49 (95 68) 92 26-0<br>Telefax: +49 (95 68) 92 26-50<br>E-Mail: info@althans.de<br><span style=\"color: var( --e-global-color-primary ); font-family: var( --e-global-typography-text-font-family ), Sans-serif; font-weight: var( --e-global-typography-text-font-weight ); font-size: 1rem;\">Internet: www.althans.de<\/span><\/p><p>Steuer-Nr.: 212\/150\/51509<br>Ust.-IdNr.: DE 132 444 271<br>ILN 40 06015 00000 0<br>Sitz: Neustadt b. Coburg<br>Handelsregister Coburg HRA 1078<br>Pers\u00f6nlich haftende Gesellschafterin:<br>Kessel Verwaltungs-GmbH<br>Sitz: Neustadt b. Coburg<br>Handelsregister Coburg HRB 3120<br>Gesch\u00e4ftsf\u00fchrer, Verantwortlich f\u00fcr den Inhalt: Dieter Kessel<\/p>\t\t\t\t\t\t\t\t<\/div>\n\t\t\t\t<\/div>\n\t\t\t\t<div class=\"elementor-element elementor-element-bc9e6e3 elementor-widget elementor-widget-text-editor\" data-id=\"bc9e6e3\" data-element_type=\"widget\" data-widget_type=\"text-editor.default\">\n\t\t\t\t<div class=\"elementor-widget-container\">\n\t\t\t\t\t\t\t\t\t<h2>Datenschutz bei Althans<\/h2><p><b>Informationen zur Datenerhebung gem\u00e4\u00df Artikel 13 DSGVO<\/b>\u00a0<\/p><p>Die Althans GmbH &amp; Co. KG, Horber Str. 4, D-96465 Neustadt-Birkig, Gesch\u00e4ftsf\u00fchrer Dieter Kessel, erhebt Ihre Daten zum Zweck der Vertragsdurchf\u00fchrung, zur Erf\u00fcllung ihrer vertraglichen und vorvertraglichen Pflichten sowie zur Direktwerbung.<br \/>Die Datenerhebung und Datenverarbeitung ist f\u00fcr die Durchf\u00fchrung des Vertrags erforderlich und beruht auf Artikel 6 Abs. 1 b) DSGVO. Eine Weitergabe der Daten an Dritte findet nicht statt. Die Daten werden gel\u00f6scht, sobald sie f\u00fcr den Zweck ihrer Verarbeitung nicht mehr erforderlich sind.<br \/>Sie haben das Recht, der Verwendung Ihrer Daten zum Zweck der Direktwerbung jederzeit zu widersprechen. Zudem sind Sie berechtigt, Auskunft der bei uns \u00fcber Sie gespeicherten Daten zu beantragen sowie bei Unrichtigkeit der Daten die Berichtigung oder bei unzul\u00e4ssiger Datenspeicherung die L\u00f6schung der Daten zu fordern.<br \/><b>Kontaktformular\/E-Mail-Formulare<\/b><br \/>Wir erheben Ihre Daten zum Zweck der Durchf\u00fchrung Ihrer Kontaktanfrage. Die Datenverarbeitung beruht auf Artikel 6 Abs. 1 f) DSGVO. Unser berechtigtes Interesse ist, Ihre Anfrage zu beantworten. Eine Weitergabe der Daten an Dritte findet nicht statt. Die Daten werden gel\u00f6scht, sobald sie f\u00fcr den Zweck ihrer Verarbeitung nicht mehr erforderlich sind. Sie haben das Recht, der Verwendung Ihrer Daten zum Zweck der Kontaktaufnahme jederzeit zu widersprechen.<\/p><p><b>Newsletter<\/b><br \/>Wir erheben Ihre Daten zum Zweck der Zusendung des von Ihnen gew\u00fcnschten Informationsmaterials. Die Datenverarbeitung beruht auf Ihrer Einwilligung gem\u00e4\u00df Artikel 6 Abs. 1 a) DSGVO. Eine Weitergabe der Daten an Dritte findet nicht statt. Die Daten werden gel\u00f6scht, sobald sie f\u00fcr den Zweck ihrer Verarbeitung nicht mehr erforderlich sind. Sie haben das Recht, der Verwendung Ihrer Daten zum Zweck der Zusendung von Informationsmaterialien jederzeit zu widersprechen.<\/p><p><b>Registrierung im Mitgliederbereich<\/b><br \/>Sofern Sie Kunde bei uns sind, teilen wir Ihnen optional Anmeldedaten f\u00fcr den Mitgliederbereich auf unserer Internetseite mit. Die Datenverarbeitung beruht auf Artikel 6 Abs. 1 f) DSGVO. Wir verfolgen das Interesse, sicherzustellen, dass nur Mitglieder Zugriff auf den Mitgliedern vorbehaltenen Informationen erhalten. Eine Weitergabe der Daten an Dritte findet nicht statt. Die Daten werden gel\u00f6scht, sobald sie f\u00fcr den Zweck ihrer Verarbeitung nicht mehr erforderlich sind. Sie haben das Recht, der Verwendung Ihrer Daten zum Zweck der Registrierung jederzeit zu widersprechen.<\/p><p><b>Ihre Rechte<\/b><br \/>Sie sind berechtigt, Auskunft der bei uns \u00fcber Sie gespeicherten Daten zu beantragen sowie bei Unrichtigkeit der Daten die Berichtigung oder bei unzul\u00e4ssiger Datenspeicherung die L\u00f6schung der Daten zu fordern. Ihnen steht des Weiteren ein Beschwerderecht bei der Aufsichtsbeh\u00f6rde (Landesdatenschutzbeauftragter Bayern,\u00a0poststelle@datenschutz-bayern.de) zu.<\/p>\t\t\t\t\t\t\t\t<\/div>\n\t\t\t\t<\/div>\n\t\t\t\t\t<\/div>\n\t\t<\/div>\n\t\t\t\t\t<\/div>\n\t\t<\/section>\n\t\t\t\t<\/div>\n\t\t","protected":false},"excerpt":{"rendered":"<p>Kontaktieren Sie uns Althans GmbH &amp; Co. KGHorber Str. 4D-96465 Neustadt-BirkigTelefon: +49 (95 68) 92 26-0Telefax: +49 (95 68) 92 26-50E-Mail: info@althans.deInternet: www.althans.de Steuer-Nr.: 212\/150\/51509Ust.-IdNr.: DE 132 444 271ILN 40 06015 00000 0Sitz: Neustadt b. CoburgHandelsregister Coburg HRA 1078Pers\u00f6nlich haftende Gesellschafterin:Kessel Verwaltungs-GmbHSitz: Neustadt b. CoburgHandelsregister Coburg HRB 3120Gesch\u00e4ftsf\u00fchrer, Verantwortlich f\u00fcr den Inhalt: Dieter Kessel Datenschutz [&hellip;]<\/p>\n","protected":false},"author":1,"featured_media":0,"parent":0,"menu_order":5,"comment_status":"closed","ping_status":"closed","template":"","meta":{"footnotes":""},"class_list":["post-20","page","type-page","status-publish","hentry"],"_links":{"self":[{"href":"https:\/\/althans.de\/index.php?rest_route=\/wp\/v2\/pages\/20","targetHints":{"allow":["GET"]}}],"collection":[{"href":"https:\/\/althans.de\/index.php?rest_route=\/wp\/v2\/pages"}],"about":[{"href":"https:\/\/althans.de\/index.php?rest_route=\/wp\/v2\/types\/page"}],"author":[{"embeddable":true,"href":"https:\/\/althans.de\/index.php?rest_route=\/wp\/v2\/users\/1"}],"replies":[{"embeddable":true,"href":"https:\/\/althans.de\/index.php?rest_route=%2Fwp%2Fv2%2Fcomments&post=20"}],"version-history":[{"count":21,"href":"https:\/\/althans.de\/index.php?rest_route=\/wp\/v2\/pages\/20\/revisions"}],"predecessor-version":[{"id":134,"href":"https:\/\/althans.de\/index.php?rest_route=\/wp\/v2\/pages\/20\/revisions\/134"}],"wp:attachment":[{"href":"https:\/\/althans.de\/index.php?rest_route=%2Fwp%2Fv2%2Fmedia&parent=20"}],"curies":[{"name":"wp","href":"https:\/\/api.w.org\/{rel}","templated":true}]}}